z) = -4*z**2 + 1. What is f(d)?
-3
Let u(o) = -2*o**3 + o**2 + 2*o + 1. Let q(d) = -d**2 + 6*d + 2. Suppose 5*r - 4*z - 14 = 0, r - 2*r + 5*z - 14 = 0. Let j be q(r). Calculate u(j).
-7
Let r = 2 - 2. Let w(d) = r*d + 0*d + 2 + 2*d**2 - d**3 + d - 6*d**2. Give w(-4).
-2
Suppose -3 = j - 2. Let h(s) be the first derivative of -1/3*s**3 - 2 + 1/2*s**2 + 0*s. Give h(j).
-2
Let z(y) be the first derivative of 1/10*y**5 - 1/3*y**3 + y**2 + 2 - 1/6*y**4 - 3*y. Let d(m) be the first derivative of z(m). Give d(2).
6
Let y(h) = -h**2 + h + 1. Let g = -25 - -26. What is y(g)?
1
Let g = 4 - 7. Let d(z) = -z**2 - 7*z - 2. Let w(q) = q + 1. Let u(f) = g*w(f) - d(f). Let m(n) = -n**3 + 6*n**2 - 6*n + 1. Let t be m(5). Determine u(t).
-1
Let w(o) = -2*o + 1 + o - 5*o + 8*o**2 + 4*o. Suppose 0 = -s + 2 - 0. Let x be 3*((-15)/9 + s). Calculate w(x).
7
Let j = -12 - -15. Let l(d) = -6*d. Let k(h) = 5*h. Let i(z) = -5*k(z) - 4*l(z). Calculate i(j).
-3
Suppose -37*o = -12*o + 25. Let d(w) be the third derivative of 3*w**6/40 + w**5/60 - w**2. Give d(o).
-8
Suppose j = 5*c + 13, 5*j + 51 = -c - 3*c. Let g(i) = 2*i**2 + 10*i. Calculate g(j).
28
Let m(p) = p + 7. Let c(j) = -2. Let n(y) = -7*c(y) - 2*m(y). Calculate n(6).
-12
Let g be (-2 - -2) + -2 + (-16)/(-2). Let u(q) = -2*q**2 + 9*q - 1. Give u(g).
-19
Let j(r) be the second derivative of r**4/12 + 5*r**3/6 - 3*r**2 + 2*r. Give j(-6).
0
Let j(t) = 3*t + 7. Let h(v) = -v. Let r(u) = -2*h(u) - j(u). What is r(5)?
-12
Let a(b) = -b**3 - 5*b**2 - 7*b - 6. Let r be a(-4). Let l(c) = 15*c - 2*c**2 - 3 + c**2 - 9*c. What is l(r)?
-3
Let k = 7 + 2. Let q(l) = l. Let i be q(2). Let h(f) = -4*f**2 + 4*f**2 - k*f**3 - 1 - 2*f**i - 2*f. What is h(-1)?
8
Let g(l) = -l - 2. Suppose 0 = 2*y + 10, -5*i = -2*y - 32 - 38. Suppose 0 = 3*o - o + i. Determine g(o).
4
Let c(f) be the first derivative of f**2/2 - 7*f - 41. Suppose 4*u = -4*n + 8, 2*u + 0*u = 4*n - 8. Calculate c(u).
-7
Let m(c) = -c**2 - 7*c + 2. Let s(q) = -q + 0*q + 0*q. Let f be s(-5). Suppose -2*x = -f*v - 13, -2*x - 4*v - 9 = 23. Determine m(x).
8
Let g = 4 - 2. Let r be 1 + -2 + g + 0. Let b(h) = h**3 + r + 6*h - 2*h**2 + 4*h**2 + 4*h**2. Determine b(-5).
-4
Suppose 5*n - 5*f + 25 = -0*f, 2*n = 3*f - 12. Let r be (4/3)/(n/(-9)). Suppose b = -r - 1. Let p(m) = m + 9. Determine p(b).
4
Let s(o) = 1. Let d(n) = n**2 + n - 6. Let x(q) = -d(q) - 6*s(q). What is x(1)?
-2
Let b(r) = -r**3 - 12*r**2 + 12*r - 9. Let o be b(-13). Let n(u) = -u**3 + 5*u**2 - 5*u + 5. Calculate n(o).
1
Let k(f) = f**2 + 8*f - 2. Suppose 8*a - 17*a = 72. Calculate k(a).
-2
Let y be ((-12)/(-15))/(2/(-5)). Let x be -1*(1 + y)/(-1). Let n(d) = -d**3 - d. What is n(x)?
2
Let m(h) = 1 + 0 + 0*h + 2 + h. Give m(-6).
-3
Let w = 67 - 44. Let j(u) = -6 - 4*u + 11*u - 18*u**2 + w*u**2 - u**3. What is j(6)?
0
Let l be (0 + 0)*(-1)/2. Suppose -5*s + 21 = 3*t, -5*t + t + 2*s + 2 = l. Let f(i) = -i**2 + 6*i. Let u(m) = m. Let a(q) = -2*f(q) + 10*u(q). What is a(t)?
4
Let g(n) = 2*n - n + 0*n**2 - n**2. Suppose -4*w = 5*h - 6, 0*w = h + 3*w - 10. Let d be 1 + (-16)/(-4) + h. What is g(d)?
-6
Let t be (6/(-4))/(9/(-48)). Let p(c) = 4*c**3 - 7*c + t - 5*c**3 + 6*c**2 - 1. Let i = -8 + 13. What is p(i)?
-3
Let m(w) be the third derivative of -w**4/24 + w**3 - 2*w**2. Let q be m(6). Let z = q - -5. Let g(k) = k**3 - 5*k**2 + 6. Determine g(z).
6
Let o be (8/6)/(1/3). Let s(y) = -3*y + 25*y**2 - 1 - 9*y**2 - y**3 - 11*y**2. Determine s(o).
3
Suppose -8 = -2*v, 7*j - 3*j = -v + 20. Suppose -j*l = -l. Let s(o) = -o**2 - o - 5. Calculate s(l).
-5
Let v(o) = -o - 6. Let a be v(-8). Suppose a*z + 6 = 0, 4*y + 0*y - z = 23. Let h(j) = -j**2 + 4*j + 5. Give h(y).
0
Let f(g) = -g - 7. Suppose 0 = -5*t - 4*m + 40 + 10, t - 5*m = 10. Let x be (-6)/(-8)*(-2 + t). Suppose x*c + l = c - 22, 4*c = -5*l - 5. Calculate f(c).
-2
Suppose 3*j = -3*j - 24. Let s(y) = -y**3 - 5*y**2 - 5*y - 4. Give s(j).
0
Let t(b) = -b**2 - 5. Suppose 4*c = 6*c + 4. Let d be (c - -2)/(-1*1). What is t(d)?
-5
Let u(r) = r**3 - 4*r**2 - r - 2. Suppose -4*k + 31 = -4*o - o, -2*k - 2*o + 2 = 0. Let m(h) = -h**2 + 4*h + 2. Let d be m(k). Suppose -d = t - 6. What is u(t)?
-6
Let p(k) = -k**2 + 6*k - 2. Let o = -8 + 13. What is p(o)?
3
Let g(j) = -j**3 - 11*j**2 + 2*j + 16. Let v be g(-11). Let x(p) = -p**3 - 5*p**2 + 5*p - 7. What is x(v)?
-1
Let h(z) be the third derivative of z**6/240 + 7*z**5/120 - z**4/12 + z**2. Let s(p) be the second derivative of h(p). Give s(-5).
-8
Let p(y) = -5*y**3 + 11*y**2 - 10*y + 14. Let f(j) = 14*j**3 - 32*j**2 + 29*j - 41. Let s(u) = 6*f(u) + 17*p(u). Calculate s(-6).
4
Suppose -24 = 4*s + 2*u, 2*u - 5*u = -4*s - 44. Let v be (s/(-12))/(2/(-3)). Let h(d) = -d + 1. Determine h(v).
2
Suppose 4*q - 42 = -98. Let n(h) = -2*h - 3. Let t be n(3). Let y = t - q. Let i(x) = -x**3 + 6*x**2 - 6*x + 5. Calculate i(y).
0
Let n(u) = -2*u**2 + 2*u - 1. Let r = 1 + 1. Let i be n(r). Let s(c) = c**2 + 4*c - 6. Determine s(i).
-1
Let j(i) be the second derivative of i**5/20 + i**4/3 + i**3/2 + 3*i**2 + 39*i. What is j(-4)?
-6
Let g be 7 - -1*(-4 + 1). Let m(y) be the first derivative of -y**2 - 2 - 1/2*y**g + 2*y - 4/3*y**3. Give m(-2).
6
Let x be (-18)/(-1)*3/9. Let i(h) be the first derivative of h**2/2 + 3*h - 2. What is i(x)?
9
Let z = -90 + 166. Let w be (-6)/(-10) - z/10. Let h(s) = s + 1. Determine h(w).
-6
Let a(c) = c**3 - 2*c**2 - 2*c + 4. Let w(r) = r**3 - 4*r**2 - 3*r - 6. Let k be w(5). Suppose -k*z = -0*z - 12. Give a(z).
7
Let l(k) = 0*k**3 + 4*k**2 - 2 + 3*k**3 - 3*k - 2*k**3. Let y(i) = -i + 1. Let p be (15/6)/((-2)/(-4)). Let n be y(p). Give l(n).
10
Let v(l) = l**2 + 7*l - 4. Let c be v(-8). Let p(b) = b**2 - 3*b + 1. Give p(c).
5
Let o(w) = w**3 + 4*w**2 + w - 1. Let z = -124 + 120. Give o(z).
-5
Let p(r) be the second derivative of 1/6*r**3 + 0 + 2*r + r**2. Determine p(-5).
-3
Let t(o) = -2*o - 3. Suppose 2*l = 6 + 4. Let i = -1 + l. Suppose -i*k - r = -0*k + 25, -30 = k + 5*r. Give t(k).
7
Let v be (3 + -4)/((-2)/20). Let z = -4 + v. Let s(i) = -i. Calculate s(z).
-6
Let f(g) = 2*g**2 + 1 + 2 - 3*g**2 - 3*g. Suppose -4*q + 100 = -0*q. Suppose 5 = 4*k + q. Give f(k).
-7
Let y(f) = -5*f - 3. Let i(m) = -1. Let c(l) = -4*i(l) + y(l). Suppose -4*x = 4*d - 44, -2*x + 11 = 5*d - 35. Suppose -2 = -5*o + d. Determine c(o).
-9
Let f be 0*1/4*2. Let c(g) = g. Let i(v) = 5. Let z(w) = c(w) - i(w). Calculate z(f).
-5
Let g(f) = 3 + 0 - 5 - f**3 + f - f**2. Determine g(-3).
13
Let j(d) = -d + 2. Let k(s) = s - 1. Let g(i) = j(i) + 2*k(i). Let u(c) = -c**2 + 8*c - 5. Let q be u(7). What is g(q)?
2
Suppose 2*z + 15 = -z, -5*v = 3*z + 25. Let x = v + 3. Suppose 3*g - x - 5 = 0. Let c(y) = 3*y + 1. What is c(g)?
7
Let x(i) = -i - 4. Let k(n) = -n**2 - n - 1. Let r be k(2). Let g = -11 - r. Let u = g + 1. Give x(u).
-1
Let i(y) = 11*y - 4 - 3 + 5 - 6*y. What is i(-2)?
-12
Let p(k) be the second derivative of k**3/6 + k. Let t(z) = -z**2 - 9*z - 9. Let i be t(-8). Calculate p(i).
-1
Suppose -2*g = -10, 0 = -4*y - 4*g - 6 + 22. Let r(p) = -10*p**3 - p**2 + p + 1. Calculate r(y).
9
Let a(c) = -4*c + 4. Let j(i) = 9*i - 7. Let x(d) = 5*a(d) + 2*j(d). Give x(-5).
16
Let s(g) = 2 - 4 - 1 - 11*g. Let j(h) = 23*h + 7. Suppose -x - 5*n = 14, 4*x - 7*x + n - 10 = 0. Let z(f) = x*j(f) - 9*s(f). Calculate z(1).
6
Let r(z) = 5*z - 10. Let k(a) = -a + 1. Suppose 0 = 5*q - 4*o - 5, 2*o - o - 4 = -4*q. Let u(i) = q*r(i) + 4*k(i). Let y = 2 + 2. Give u(y).
-2
Let v(c) = 2*c - 2. Let r(w) = 3*w - 3. Let k(t) = -3*r(t) + 4*v(t). Let o = 0 - 0. Suppose 3*p - 2 - 1 = o. Determine k(p).
0
Suppose 12 = -w + 7*w. Let p(h) = -10*h + 2. Calculate p(w).
-18
Let j(m) = -m - 2. Let s = 94 + -99. Calculate j(s).
3
Let c(q) = 0*q + 3*q - 2*q - 15 + 8. What is c(7)?
0
Let o(a) = -a**3 + a - 4. Suppose 2*g - 5*v = 1 - 4, -5*v = -g - 9. Let h be 0/(-2*3/g). Determine o(h).
-4
Let x(h) = h**2 - 2*h - 1. Let i(l) = -2*l - 3. Let q be i(-3). Give x(q).
2
Suppose -1 + 9 = g. Suppose t - x - 6 = -0*x, 0 = 2*x + g. Let o(y) be the first derivative of y**2 - 3*y + 3. What is o(t)?
1
Let u(h) = -h**2 + 0*h + 2 + 6*h + 0. Calculate u(6).
2
Let x(a) = 6*a**2 + 6*a - 4. Let o(g) = 7*g**2 + 7*g - 3. Let l(v) = -5*o(v) + 6*x(v). Determine l(0).
-9
Let f(m) = -m**3 - 6*m*